{"id":126,"date":"2022-04-19T17:17:05","date_gmt":"2022-04-19T17:17:05","guid":{"rendered":"https:\/\/fromista.com\/turismofromista\/?page_id=126"},"modified":"2024-02-26T16:31:10","modified_gmt":"2024-02-26T16:31:10","slug":"que-visitar","status":"publish","type":"page","link":"https:\/\/fromistaturismo.com\/index.php\/que-visitar\/","title":{"rendered":"Monumentos"},"content":{"rendered":"<h1>Monumentos<\/h1>\n<ul>\n<li>\n<p>        <img decoding=\"async\" src=\"\/wp-content\/uploads\/2022\/04\/1-scaled.jpg\" alt=\"\"><\/p>\n<h3>1<\/h3>\n<\/li>\n<li>\n<p>        <img decoding=\"async\" src=\"\/wp-content\/uploads\/2022\/04\/2.jpeg\" alt=\"\"><\/p>\n<h3>2<\/h3>\n<\/li>\n<li>\n<p>        <img decoding=\"async\" src=\"\/wp-content\/uploads\/2022\/04\/333-scaled.jpg\" alt=\"\"><\/p>\n<h3>333<\/h3>\n<\/li>\n<li>\n<p>        <img decoding=\"async\" src=\"\/wp-content\/uploads\/2022\/04\/4.jpg\" alt=\"\"><\/p>\n<h3>4<\/h3>\n<\/li>\n<\/ul>\n<h1>\n<h3><span><strong>IGLESIA\u00a0 DE SAN MART\u00cdN DE TOURS<\/strong><\/span><\/h3>\n<\/h1>\n<div>\n<p><span>Declarada Monumento Nacional en 1984. Fundada por Do\u00f1a Mayor de Castilla en torno al 1066, ampli\u00e1ndose a lo largo de los siglos con diferentes estancias llevando a cabo una restauraci\u00f3n de dicho templo a finales del XIX y principios del XX, recuper\u00e1ndose la estructura original. Joya del rom\u00e1nico pleno, mencionada como el ejemplo m\u00e1s claro de arquitectura rom\u00e1nica por m\u00faltiples autores e historiadores.<\/span><\/p>\n<\/div>\n<div>\n<p><span><strong>Horario de apertura<\/strong><\/span><\/p>\n<p>Verano: (1 de abril hasta 30 de septiembre)<br \/>\u00a0 \u00a0 \u00a0 \u00a0Ma\u00f1ana: 09:30 a 14:00 &#8212; Tarde: 16:30 a 20:00.<\/p>\n<p>Invierno: (1 octubre hasta 31 de marzo)<br \/>\u00a0 \u00a0 \u00a0 \u00a0Ma\u00f1ana: 10:00 a 14:00 &#8212; Tarde: 15:30 a 18:30.<\/p>\n<\/div>\n<hr>\n<h1>\n<h3><span><strong>IGLESIA DE<\/strong>\u00a0\u00a0<strong>SAN PEDRO<\/strong>\u00a0<\/span><span>\u00a0\u00a0 \u00a0\u00a0<\/span><\/h3>\n<\/h1>\n<div>\n<p><span>Edificio g\u00f3tico que se inicia en el siglo XV y cuya construcci\u00f3n se prolonga a lo largo de diferentes siglos, como se puede observar en la paulatina complicaci\u00f3n de las nervaduras de su b\u00f3veda, para concluir en \u00e9poca renacentista, estilo al que pertenece la portada incompleta del edificio que constaba de un segundo cuerpo que no se construy\u00f3.<\/span><\/p>\n<\/div>\n<div>\n<p><span><strong>Horario de apertura<\/strong><\/span><\/p>\n<p>De Semana Santa hasta el d\u00eda 12 de octubre,<br \/>\u00a0 \u00a0 \u00a010:00 a 13:30 h. y de 16:00 a 19:30 h.<\/p>\n<p>Resto del a\u00f1o contactar en el tel\u00e9fono 672 14 69 94.<\/p>\n<\/div>\n<ul>\n<li>\n<p>        <img decoding=\"async\" src=\"\/wp-content\/uploads\/2022\/04\/san_pedro-scaled.jpg\" alt=\"\"><\/p>\n<h3>san_pedro<\/h3>\n<\/li>\n<li>\n<p>        <img decoding=\"async\" src=\"\/wp-content\/uploads\/2022\/04\/Imagen_967-scaled.jpg\" alt=\"\"><\/p>\n<h3>Imagen_967<\/h3>\n<\/li>\n<li>\n<p>        <img decoding=\"async\" src=\"\/wp-content\/uploads\/2022\/04\/Organo.jpg\" alt=\"\"><\/p>\n<h3>Organo<\/h3>\n<\/li>\n<li>\n<p>        <img decoding=\"async\" src=\"\/wp-content\/uploads\/2022\/04\/Cristo_Crucificado_Gregorio_Ferro-scaled.jpg\" alt=\"\"><\/p>\n<h3>Cristo_Crucificado_Gregorio_Ferro<\/h3>\n<\/li>\n<\/ul>\n<hr>\n<ul>\n<li>\n<p>        <img decoding=\"async\" src=\"\/wp-content\/uploads\/2022\/04\/d257b26a2483567f83ede62d6188c177.jpg\" alt=\"\"><\/p>\n<h3>d257b26a2483567f83ede62d6188c177<\/h3>\n<\/li>\n<li>\n<p>        <img decoding=\"async\" src=\"\/wp-content\/uploads\/2022\/04\/AUI31681-scaled.jpg\" alt=\"\"><\/p>\n<h3>AUI31681<\/h3>\n<\/li>\n<li>\n<p>        <img decoding=\"async\" src=\"\/wp-content\/uploads\/2022\/04\/124471600_1528778215.jpg\" alt=\"\"><\/p>\n<h3>124471600_1528778215<\/h3>\n<\/li>\n<\/ul>\n<h1>\n<h3><strong><span>IGLESIA DE STA. MAR\u00cdA DEL CASTILLO<\/span><\/strong><\/h3>\n<\/h1>\n<div>\n<p><span>Bien de Inter\u00e9s Cultural desde 1944, de estilo g\u00f3tico flam\u00edgero<\/span><span>\u00a0(S.XV finales del\u00a0 XVI). Situada en la parte m\u00e1s elevada de la villa, fue el lugar donde se asent\u00f3 el antiguo castillo de la localidad, el cual hoy da nombre al templo. En ella se ubica hoy en d\u00eda el montaje multimedia Vestigia, Leyenda del Camino.<\/span><\/p>\n<p><a href=\"https:\/\/museovestigia.wordpress.com\/\">MUSEO VESTIGIA, LEYENDA DEL&nbsp;CAMINO<\/a><\/p>\n<\/p>\n<\/div>\n<div>\n<p><span><strong>Horario de apertura<\/strong><\/span><\/p>\n<p>Semana Santa a 12 de Octubre:<\/p>\n<ul>\n<li>Lunes a S\u00e1bado: 11:30, 13:00, 16:30 y 17:30 horas.<\/li>\n<li>Domingos 11:30 y 13:00 horas.<\/li>\n<\/ul>\n<p>12 de Octubre a Semana Santa:<\/p>\n<ul>\n<li>Viernes y S\u00e1bado: 11:30, 13:00, 16:30 y 17:30 horas.<\/li>\n<li>Domingo 11:30 y 13:00 horas<\/li>\n<\/ul>\n<p>Reservas al tel\u00e9fono: 672 14 69 94<\/p>\n<\/div>\n<hr>\n<h1>\n<h3><span><strong>ERMITA DEL OTERO<\/strong>\u00a0<\/span><span>\u00a0\u00a0 \u00a0\u00a0<\/span><\/h3>\n<\/h1>\n<div>\n<p><span>Consta de una sola nave de trazado g\u00f3tico, reformada en el siglo XVIII. En su interior tiene una escultura de la Virgen del Otero, rom\u00e1nica, perteneciente al siglo XIII, sedente con el ni\u00f1o en su regazo.<\/span><\/p>\n<\/div>\n<ul>\n<li>\n<p>        <img decoding=\"async\" src=\"\/wp-content\/uploads\/2022\/06\/D583ED44-E6F4-C59C-D0DD515CB46124C7.jpg\" alt=\"\"><\/p>\n<h3>D583ED44-E6F4-C59C-D0DD515CB46124C7<\/h3>\n<\/li>\n<li>\n<p>        <img decoding=\"async\" src=\"\/wp-content\/uploads\/2022\/06\/FRoMISTA-PATRONA-VIRGEN-DEL-OTERO.jpg\" alt=\"\"><\/p>\n<h3>FRoMISTA-PATRONA-VIRGEN-DEL-OTERO<\/h3>\n<\/li>\n<\/ul>\n<hr>\n<p><img decoding=\"async\" src=\"\/wp-content\/uploads\/2022\/06\/fuente-pozomingo-fomista.jpg\" alt=\"\"><\/p>\n<h1>\n<h3><strong><span>FUENTE DE POZOMINGO<\/span><\/strong><\/h3>\n<\/h1>\n<div>\n<p><span>Aljibe de origen romano que se encuentra en el pago del mismo nombre. Se localiza a unos 2 Km. del casco urbano actual, y es la gran prueba de lo que pudo llegar a ser el asentamiento romano en nuestra localidad, antes de la ocupaci\u00f3n \u00e1rabe.<\/span><\/p>\n<\/div>\n<hr>\n<h1>\n<h3>ARQUITECTURA TRADICIONAL DE TIERRA DE CAMPOS<\/h3>\n<\/h1>\n<h2>Adobe, Palomares y Bodegas<\/h2>\n<div>\n<p><span>En la localidad no s\u00f3lo se pueden apreciar los monumentos que le dan fama sino tambi\u00e9n la arquitectura tradicional de Tierra de Campos, basada en el barro y la paja. Gran parte de las casas que existen en Fr\u00f3mista est\u00e1n construidas a base de este material, ya sea con adobes o tapial, aunque en algunas se ha recurrido a revoques de ladrillo o cemento para facilitar su conservaci\u00f3n, no habiendo perdido su capacidad de aislamiento. Buena muestra de este tipo de arquitectura son las numerosas bodegas que existen, usadas principalmente para recreo de sus propietarios y la elaboraci\u00f3n de vino para consumo propio. Otro buen ejemplo son su palomares donde se cr\u00edan los pichones tan famosos en la gastronom\u00eda local<\/span><\/p>\n<\/div>\n<div>\n<p>    <img decoding=\"async\" src=\"\/wp-content\/uploads\/2022\/06\/arquitectura-tradicional.jpeg\" alt=\"\"><\/p>\n<h3>D583ED44-E6F4-C59C-D0DD515CB46124C7<\/h3>\n<\/div>\n<p><!--more--><br \/>\n<!-- {\"type\":\"layout\",\"children\":[{\"type\":\"section\",\"props\":{\"style\":\"default\",\"width\":\"default\",\"vertical_align\":\"middle\",\"title_position\":\"top-left\",\"title_rotation\":\"left\",\"title_breakpoint\":\"xl\",\"image_position\":\"center-center\",\"image\":\"wp-content\\\/uploads\\\/2022\\\/04\\\/informacion-monumentos-fromista.jpg\",\"image_size\":\"cover\",\"image_effect\":\"parallax\",\"media_overlay\":\"rgba(138, 142, 255, 0.55)\",\"image_parallax_easing\":\"1\"},\"children\":[{\"type\":\"row\",\"children\":[{\"type\":\"column\",\"props\":{\"image_position\":\"center-center\",\"media_overlay_gradient\":\"\",\"position_sticky_breakpoint\":\"m\"},\"children\":[{\"type\":\"headline\",\"props\":{\"title_element\":\"h1\",\"content\":\"Monumentos\"}}]}]}]},{\"type\":\"section\",\"props\":{\"style\":\"default\",\"width\":\"default\",\"vertical_align\":\"middle\",\"title_position\":\"top-left\",\"title_rotation\":\"left\",\"title_breakpoint\":\"xl\",\"image_position\":\"center-center\",\"image\":\"\",\"image_size\":\"width-1-1\",\"image_effect\":\"parallax\",\"media_overlay\":\"rgba(0, 0, 0, 0.58)\",\"image_parallax_easing\":\"1\"},\"children\":[{\"type\":\"row\",\"props\":{\"layout\":\"1-3,2-3\"},\"children\":[{\"type\":\"column\",\"props\":{\"image_position\":\"center-center\",\"media_overlay_gradient\":\"\",\"width_medium\":\"1-3\",\"vertical_align\":\"bottom\",\"position_sticky_breakpoint\":\"m\"},\"children\":[{\"type\":\"slideshow\",\"props\":{\"show_title\":false,\"show_meta\":true,\"show_content\":true,\"show_link\":true,\"show_thumbnail\":true,\"slideshow_min_height\":300,\"slideshow_autoplay_pause\":true,\"nav\":\"dotnav\",\"nav_position\":\"center-right\",\"nav_position_margin\":\"medium\",\"nav_align\":\"center\",\"nav_breakpoint\":\"s\",\"thumbnav_width\":\"100\",\"thumbnav_height\":\"75\",\"thumbnav_svg_color\":\"emphasis\",\"slidenav\":\"default\",\"slidenav_margin\":\"medium\",\"slidenav_breakpoint\":\"s\",\"slidenav_outside_breakpoint\":\"xl\",\"overlay_position\":\"center-left\",\"overlay_animation\":\"parallax\",\"title_element\":\"h3\",\"meta_style\":\"text-meta\",\"meta_align\":\"below-title\",\"meta_element\":\"div\",\"link_text\":\"Read more\",\"link_style\":\"default\",\"margin\":\"default\",\"slideshow_animation\":\"fade\",\"slideshow_autoplay\":true,\"nav_vertical\":true,\"slideshow_kenburns\":\"alternate\"},\"children\":[{\"type\":\"slideshow_item\",\"props\":{\"title\":\"1\",\"image\":\"wp-content\\\/uploads\\\/2022\\\/04\\\/1-scaled.jpg\"}},{\"type\":\"slideshow_item\",\"props\":{\"title\":\"2\",\"image\":\"wp-content\\\/uploads\\\/2022\\\/04\\\/2.jpeg\"}},{\"type\":\"slideshow_item\",\"props\":{\"title\":\"333\",\"image\":\"wp-content\\\/uploads\\\/2022\\\/04\\\/333-scaled.jpg\"}},{\"type\":\"slideshow_item\",\"props\":{\"title\":\"4\",\"image\":\"wp-content\\\/uploads\\\/2022\\\/04\\\/4.jpg\"}}]}]},{\"type\":\"column\",\"props\":{\"image_position\":\"center-center\",\"media_overlay_gradient\":\"\",\"width_medium\":\"2-3\",\"position_sticky_breakpoint\":\"m\"},\"children\":[{\"type\":\"headline\",\"props\":{\"title_element\":\"h1\",\"content\":\"\n\n<h3><span><strong>IGLESIA\\u00a0 DE SAN MART\\u00cdN DE TOURS<\\\/strong><\\\/span><\\\/h3>\"}},{\"type\":\"text\",\"props\":{\"margin\":\"default\",\"column_breakpoint\":\"m\",\"content\":\"\n\n<p><span>Declarada Monumento Nacional en 1984. Fundada por Do\\u00f1a Mayor de Castilla en torno al 1066, ampli\\u00e1ndose a lo largo de los siglos con diferentes estancias llevando a cabo una restauraci\\u00f3n de dicho templo a finales del XIX y principios del XX, recuper\\u00e1ndose la estructura original. Joya del rom\\u00e1nico pleno, mencionada como el ejemplo m\\u00e1s claro de arquitectura rom\\u00e1nica por m\\u00faltiples autores e historiadores.<\\\/span><\\\/p>\"}},{\"type\":\"text\",\"props\":{\"margin\":\"default\",\"column_breakpoint\":\"m\",\"content\":\"\n\n<p><span><strong>Horario de apertura<\\\/strong><\\\/span><\\\/p>\\n\n\n<p>Verano: (1 de abril hasta 30 de septiembre)<br \\\/>\\u00a0 \\u00a0 \\u00a0 \\u00a0Ma\\u00f1ana: 09:30 a 14:00 -- Tarde: 16:30 a 20:00.<\\\/p>\\n\n\n<p>Invierno: (1 octubre hasta 31 de marzo)<br \\\/>\\u00a0 \\u00a0 \\u00a0 \\u00a0Ma\\u00f1ana: 10:00 a 14:00 -- Tarde: 15:30 a 18:30.<\\\/p>\"}}]}]},{\"type\":\"row\",\"children\":[{\"type\":\"column\",\"props\":{\"image_position\":\"center-center\",\"media_overlay_gradient\":\"\",\"position_sticky_breakpoint\":\"m\"},\"children\":[{\"type\":\"divider\",\"props\":{\"divider_element\":\"hr\"}}]}]},{\"type\":\"row\",\"props\":{\"layout\":\"2-3,1-3\"},\"children\":[{\"type\":\"column\",\"props\":{\"image_position\":\"center-center\",\"media_overlay_gradient\":\"\",\"width_medium\":\"2-3\",\"vertical_align\":\"bottom\",\"position_sticky_breakpoint\":\"m\"},\"children\":[{\"type\":\"headline\",\"props\":{\"title_element\":\"h1\",\"content\":\"\n\n<h3><span><strong>IGLESIA DE<\\\/strong>\\u00a0\\u00a0<strong>SAN PEDRO<\\\/strong>\\u00a0<\\\/span><span>\\u00a0\\u00a0 \\u00a0\\u00a0<\\\/span><\\\/h3>\"}},{\"type\":\"text\",\"props\":{\"margin\":\"default\",\"column_breakpoint\":\"m\",\"content\":\"\n\n<p><span>Edificio g\\u00f3tico que se inicia en el siglo XV y cuya construcci\\u00f3n se prolonga a lo largo de diferentes siglos, como se puede observar en la paulatina complicaci\\u00f3n de las nervaduras de su b\\u00f3veda, para concluir en \\u00e9poca renacentista, estilo al que pertenece la portada incompleta del edificio que constaba de un segundo cuerpo que no se construy\\u00f3.<\\\/span><\\\/p>\"}},{\"type\":\"text\",\"props\":{\"margin\":\"default\",\"column_breakpoint\":\"m\",\"content\":\"\n\n<p><span><strong>Horario de apertura<\\\/strong><\\\/span><\\\/p>\\n\n\n<p>De Semana Santa hasta el d\\u00eda 12 de octubre,<br \\\/>\\u00a0 \\u00a0 \\u00a010:00 a 13:30 h. y de 16:00 a 19:30 h.<\\\/p>\\n\n\n<p>Resto del a\\u00f1o contactar en el tel\\u00e9fono 672 14 69 94.<\\\/p>\"}}]},{\"type\":\"column\",\"props\":{\"image_position\":\"center-center\",\"media_overlay_gradient\":\"\",\"width_medium\":\"1-3\",\"position_sticky_breakpoint\":\"m\"},\"children\":[{\"type\":\"slideshow\",\"props\":{\"show_title\":false,\"show_meta\":true,\"show_content\":true,\"show_link\":true,\"show_thumbnail\":true,\"slideshow_min_height\":300,\"slideshow_autoplay_pause\":true,\"nav\":\"dotnav\",\"nav_position\":\"center-right\",\"nav_position_margin\":\"medium\",\"nav_align\":\"center\",\"nav_breakpoint\":\"s\",\"thumbnav_width\":\"100\",\"thumbnav_height\":\"75\",\"thumbnav_svg_color\":\"emphasis\",\"slidenav\":\"default\",\"slidenav_margin\":\"medium\",\"slidenav_breakpoint\":\"s\",\"slidenav_outside_breakpoint\":\"xl\",\"overlay_position\":\"center-left\",\"overlay_animation\":\"parallax\",\"title_element\":\"h3\",\"meta_style\":\"text-meta\",\"meta_align\":\"below-title\",\"meta_element\":\"div\",\"link_text\":\"Read more\",\"link_style\":\"default\",\"margin\":\"default\",\"slideshow_animation\":\"fade\",\"slideshow_autoplay\":true,\"nav_vertical\":true,\"slideshow_kenburns\":\"alternate\"},\"children\":[{\"type\":\"slideshow_item\",\"props\":{\"title\":\"san_pedro\",\"image\":\"wp-content\\\/uploads\\\/2022\\\/04\\\/san_pedro-scaled.jpg\"}},{\"type\":\"slideshow_item\",\"props\":{\"title\":\"Imagen_967\",\"image\":\"wp-content\\\/uploads\\\/2022\\\/04\\\/Imagen_967-scaled.jpg\"}},{\"type\":\"slideshow_item\",\"props\":{\"title\":\"Organo\",\"image\":\"wp-content\\\/uploads\\\/2022\\\/04\\\/Organo.jpg\"}},{\"type\":\"slideshow_item\",\"props\":{\"title\":\"Cristo_Crucificado_Gregorio_Ferro\",\"image\":\"wp-content\\\/uploads\\\/2022\\\/04\\\/Cristo_Crucificado_Gregorio_Ferro-scaled.jpg\"}}]}]}]},{\"type\":\"row\",\"children\":[{\"type\":\"column\",\"props\":{\"image_position\":\"center-center\",\"media_overlay_gradient\":\"\",\"position_sticky_breakpoint\":\"m\"},\"children\":[{\"type\":\"divider\",\"props\":{\"divider_element\":\"hr\"}}]}]},{\"type\":\"row\",\"props\":{\"layout\":\"1-3,2-3\"},\"children\":[{\"type\":\"column\",\"props\":{\"image_position\":\"center-center\",\"media_overlay_gradient\":\"\",\"width_medium\":\"1-3\",\"vertical_align\":\"middle\",\"position_sticky_breakpoint\":\"m\"},\"children\":[{\"type\":\"slideshow\",\"props\":{\"show_title\":false,\"show_meta\":true,\"show_content\":true,\"show_link\":true,\"show_thumbnail\":true,\"slideshow_min_height\":300,\"slideshow_autoplay_pause\":true,\"nav\":\"dotnav\",\"nav_position\":\"center-right\",\"nav_position_margin\":\"medium\",\"nav_align\":\"center\",\"nav_breakpoint\":\"s\",\"thumbnav_width\":\"100\",\"thumbnav_height\":\"75\",\"thumbnav_svg_color\":\"emphasis\",\"slidenav\":\"default\",\"slidenav_margin\":\"medium\",\"slidenav_breakpoint\":\"s\",\"slidenav_outside_breakpoint\":\"xl\",\"overlay_position\":\"center-left\",\"overlay_animation\":\"parallax\",\"title_element\":\"h3\",\"meta_style\":\"text-meta\",\"meta_align\":\"below-title\",\"meta_element\":\"div\",\"link_text\":\"Read more\",\"link_style\":\"default\",\"margin\":\"default\",\"slideshow_animation\":\"fade\",\"slideshow_autoplay\":true,\"nav_vertical\":true,\"slideshow_kenburns\":\"alternate\"},\"children\":[{\"type\":\"slideshow_item\",\"props\":{\"title\":\"d257b26a2483567f83ede62d6188c177\",\"image\":\"wp-content\\\/uploads\\\/2022\\\/04\\\/d257b26a2483567f83ede62d6188c177.jpg\"}},{\"type\":\"slideshow_item\",\"props\":{\"title\":\"AUI31681\",\"image\":\"wp-content\\\/uploads\\\/2022\\\/04\\\/AUI31681-scaled.jpg\"}},{\"type\":\"slideshow_item\",\"props\":{\"title\":\"124471600_1528778215\",\"image\":\"wp-content\\\/uploads\\\/2022\\\/04\\\/124471600_1528778215.jpg\"}}]}]},{\"type\":\"column\",\"props\":{\"image_position\":\"center-center\",\"media_overlay_gradient\":\"\",\"width_medium\":\"2-3\",\"position_sticky_breakpoint\":\"m\"},\"children\":[{\"type\":\"headline\",\"props\":{\"title_element\":\"h1\",\"content\":\"\n\n<h3><strong><span>IGLESIA DE STA. MAR\\u00cdA DEL CASTILLO<\\\/span><\\\/strong><\\\/h3>\"}},{\"type\":\"text\",\"props\":{\"margin\":\"default\",\"column_breakpoint\":\"m\",\"content\":\"\n\n<p><span>Bien de Inter\\u00e9s Cultural desde 1944, de estilo g\\u00f3tico flam\\u00edgero<\\\/span><span>\\u00a0(S.XV finales del\\u00a0 XVI). Situada en la parte m\\u00e1s elevada de la villa, fue el lugar donde se asent\\u00f3 el antiguo castillo de la localidad, el cual hoy da nombre al templo. En ella se ubica hoy en d\\u00eda el montaje multimedia Vestigia, Leyenda del Camino.<\\\/span><\\\/p>\\n\n\n<p>https:\\\/\\\/museovestigia.wordpress.com\\\/<\\\/p>\\n\n\n<p><\\\/p>\"}},{\"type\":\"text\",\"props\":{\"margin\":\"default\",\"column_breakpoint\":\"m\",\"content\":\"\n\n<p><span><strong>Horario de apertura<\\\/strong><\\\/span><\\\/p>\\n\n\n<p>Semana Santa a 12 de Octubre:<\\\/p>\\n\n\n<ul>\\n\n\n<li>Lunes a S\\u00e1bado: 11:30, 13:00, 16:30 y 17:30 horas.<\\\/li>\\n\n\n<li>Domingos 11:30 y 13:00 horas.<\\\/li>\\n<\\\/ul>\\n\n\n<p>12 de Octubre a Semana Santa:<\\\/p>\\n\n\n<ul>\\n\n\n<li>Viernes y S\\u00e1bado: 11:30, 13:00, 16:30 y 17:30 horas.<\\\/li>\\n\n\n<li>Domingo 11:30 y 13:00 horas<\\\/li>\\n<\\\/ul>\\n\n\n<p>Reservas al tel\\u00e9fono: 672 14 69 94<\\\/p>\"}}]}]},{\"type\":\"row\",\"children\":[{\"type\":\"column\",\"props\":{\"image_position\":\"center-center\",\"media_overlay_gradient\":\"\",\"position_sticky_breakpoint\":\"m\"},\"children\":[{\"type\":\"divider\",\"props\":{\"divider_element\":\"hr\"}}]}]},{\"type\":\"row\",\"props\":{\"layout\":\"2-3,1-3\"},\"children\":[{\"type\":\"column\",\"props\":{\"image_position\":\"center-center\",\"media_overlay_gradient\":\"\",\"width_medium\":\"2-3\",\"position_sticky_breakpoint\":\"m\"},\"children\":[{\"type\":\"headline\",\"props\":{\"title_element\":\"h1\",\"content\":\"\n\n<h3><span><strong>ERMITA DEL OTERO<\\\/strong>\\u00a0<\\\/span><span>\\u00a0\\u00a0 \\u00a0\\u00a0<\\\/span><\\\/h3>\"}},{\"type\":\"text\",\"props\":{\"margin\":\"default\",\"column_breakpoint\":\"m\",\"content\":\"\n\n<p><span>Consta de una sola nave de trazado g\\u00f3tico, reformada en el siglo XVIII. En su interior tiene una escultura de la Virgen del Otero, rom\\u00e1nica, perteneciente al siglo XIII, sedente con el ni\\u00f1o en su regazo.<\\\/span><\\\/p>\"}}]},{\"type\":\"column\",\"props\":{\"image_position\":\"center-center\",\"media_overlay_gradient\":\"\",\"width_medium\":\"1-3\",\"position_sticky_breakpoint\":\"m\"},\"children\":[{\"type\":\"slideshow\",\"props\":{\"show_title\":false,\"show_meta\":true,\"show_content\":true,\"show_link\":true,\"show_thumbnail\":true,\"slideshow_min_height\":300,\"slideshow_autoplay_pause\":true,\"nav\":\"dotnav\",\"nav_position\":\"center-right\",\"nav_position_margin\":\"medium\",\"nav_align\":\"center\",\"nav_breakpoint\":\"s\",\"thumbnav_width\":\"100\",\"thumbnav_height\":\"75\",\"thumbnav_svg_color\":\"emphasis\",\"slidenav\":\"default\",\"slidenav_margin\":\"medium\",\"slidenav_breakpoint\":\"s\",\"slidenav_outside_breakpoint\":\"xl\",\"overlay_position\":\"center-left\",\"overlay_animation\":\"parallax\",\"title_element\":\"h3\",\"meta_style\":\"text-meta\",\"meta_align\":\"below-title\",\"meta_element\":\"div\",\"link_text\":\"Read more\",\"link_style\":\"default\",\"margin\":\"default\",\"slideshow_animation\":\"fade\",\"slideshow_autoplay\":true,\"nav_vertical\":true,\"slideshow_kenburns\":\"alternate\"},\"children\":[{\"type\":\"slideshow_item\",\"props\":{\"title\":\"D583ED44-E6F4-C59C-D0DD515CB46124C7\",\"image\":\"wp-content\\\/uploads\\\/2022\\\/06\\\/D583ED44-E6F4-C59C-D0DD515CB46124C7.jpg\"}},{\"type\":\"slideshow_item\",\"props\":{\"title\":\"FRoMISTA-PATRONA-VIRGEN-DEL-OTERO\",\"image\":\"wp-content\\\/uploads\\\/2022\\\/06\\\/FRoMISTA-PATRONA-VIRGEN-DEL-OTERO.jpg\"}}]}]}]},{\"type\":\"row\",\"children\":[{\"type\":\"column\",\"props\":{\"image_position\":\"center-center\",\"media_overlay_gradient\":\"\",\"position_sticky_breakpoint\":\"m\"},\"children\":[{\"type\":\"divider\",\"props\":{\"divider_element\":\"hr\"}}]}]},{\"type\":\"row\",\"props\":{\"layout\":\"1-3,2-3\"},\"children\":[{\"type\":\"column\",\"props\":{\"image_position\":\"center-center\",\"media_overlay_gradient\":\"\",\"width_medium\":\"1-3\",\"vertical_align\":\"middle\",\"position_sticky_breakpoint\":\"m\"},\"children\":[{\"type\":\"image\",\"props\":{\"margin\":\"default\",\"image_svg_color\":\"emphasis\",\"image\":\"wp-content\\\/uploads\\\/2022\\\/06\\\/fuente-pozomingo-fomista.jpg\"}}]},{\"type\":\"column\",\"props\":{\"image_position\":\"center-center\",\"media_overlay_gradient\":\"\",\"width_medium\":\"2-3\",\"position_sticky_breakpoint\":\"m\"},\"children\":[{\"type\":\"headline\",\"props\":{\"title_element\":\"h1\",\"content\":\"\n\n<h3><strong><span>FUENTE DE POZOMINGO<\\\/span><\\\/strong><\\\/h3>\"}},{\"type\":\"text\",\"props\":{\"margin\":\"default\",\"column_breakpoint\":\"m\",\"content\":\"\n\n<p><span>Aljibe de origen romano que se encuentra en el pago del mismo nombre. Se localiza a unos 2 Km. del casco urbano actual, y es la gran prueba de lo que pudo llegar a ser el asentamiento romano en nuestra localidad, antes de la ocupaci\\u00f3n \\u00e1rabe.<\\\/span><\\\/p>\"}}]}]},{\"type\":\"row\",\"children\":[{\"type\":\"column\",\"props\":{\"image_position\":\"center-center\",\"media_overlay_gradient\":\"\",\"position_sticky_breakpoint\":\"m\"},\"children\":[{\"type\":\"divider\",\"props\":{\"divider_element\":\"hr\"}}]}]},{\"type\":\"row\",\"props\":{\"layout\":\"2-3,1-3\"},\"children\":[{\"type\":\"column\",\"props\":{\"image_position\":\"center-center\",\"media_overlay_gradient\":\"\",\"width_medium\":\"2-3\",\"position_sticky_breakpoint\":\"m\"},\"children\":[{\"type\":\"headline\",\"props\":{\"title_element\":\"h1\",\"content\":\"\n\n<h3>ARQUITECTURA TRADICIONAL DE TIERRA DE CAMPOS<\\\/h3>\"}},{\"type\":\"headline\",\"props\":{\"title_element\":\"h2\",\"content\":\"Adobe, Palomares y Bodegas\",\"title_style\":\"h4\"}},{\"type\":\"text\",\"props\":{\"margin\":\"default\",\"column_breakpoint\":\"m\",\"content\":\"\n\n<p><span>En la localidad no s\\u00f3lo se pueden apreciar los monumentos que le dan fama sino tambi\\u00e9n la arquitectura tradicional de Tierra de Campos, basada en el barro y la paja. Gran parte de las casas que existen en Fr\\u00f3mista est\\u00e1n construidas a base de este material, ya sea con adobes o tapial, aunque en algunas se ha recurrido a revoques de ladrillo o cemento para facilitar su conservaci\\u00f3n, no habiendo perdido su capacidad de aislamiento. Buena muestra de este tipo de arquitectura son las numerosas bodegas que existen, usadas principalmente para recreo de sus propietarios y la elaboraci\\u00f3n de vino para consumo propio. Otro buen ejemplo son su palomares donde se cr\\u00edan los pichones tan famosos en la gastronom\\u00eda local<\\\/span><\\\/p>\"}}]},{\"type\":\"column\",\"props\":{\"image_position\":\"center-center\",\"media_overlay_gradient\":\"\",\"width_medium\":\"1-3\",\"vertical_align\":\"middle\",\"position_sticky_breakpoint\":\"m\"},\"children\":[{\"type\":\"slideshow\",\"props\":{\"show_title\":false,\"show_meta\":true,\"show_content\":true,\"show_link\":true,\"show_thumbnail\":true,\"slideshow_min_height\":300,\"slideshow_autoplay_pause\":true,\"nav\":\"dotnav\",\"nav_position\":\"center-right\",\"nav_position_margin\":\"medium\",\"nav_align\":\"center\",\"nav_breakpoint\":\"s\",\"thumbnav_width\":\"100\",\"thumbnav_height\":\"75\",\"thumbnav_svg_color\":\"emphasis\",\"slidenav\":\"default\",\"slidenav_margin\":\"medium\",\"slidenav_breakpoint\":\"s\",\"slidenav_outside_breakpoint\":\"xl\",\"overlay_position\":\"center-left\",\"overlay_animation\":\"parallax\",\"title_element\":\"h3\",\"meta_style\":\"text-meta\",\"meta_align\":\"below-title\",\"meta_element\":\"div\",\"link_text\":\"Read more\",\"link_style\":\"default\",\"margin\":\"default\",\"slideshow_animation\":\"fade\",\"slideshow_autoplay\":true,\"nav_vertical\":true,\"slideshow_kenburns\":\"alternate\"},\"children\":[{\"type\":\"slideshow_item\",\"props\":{\"title\":\"D583ED44-E6F4-C59C-D0DD515CB46124C7\",\"image\":\"wp-content\\\/uploads\\\/2022\\\/06\\\/arquitectura-tradicional.jpeg\"}}]}]}]}]}],\"version\":\"3.0.9\"} --><\/p>\n","protected":false},"excerpt":{"rendered":"<p>Monumentos 1 2 333 4 IGLESIA\u00a0 DE SAN MART\u00cdN DE TOURS Declarada Monumento Nacional en 1984. Fundada por Do\u00f1a Mayor de Castilla en torno al 1066, ampli\u00e1ndose a lo largo de los siglos con diferentes estancias llevando a cabo una restauraci\u00f3n de dicho templo a finales del XIX y principios del XX, recuper\u00e1ndose la estructura [&hellip;]<\/p>\n","protected":false},"author":1,"featured_media":0,"parent":0,"menu_order":0,"comment_status":"closed","ping_status":"closed","template":"","meta":{"om_disable_all_campaigns":false,"_monsterinsights_skip_tracking":false,"_monsterinsights_sitenote_active":false,"_monsterinsights_sitenote_note":"","_monsterinsights_sitenote_category":0},"folder":[],"aioseo_notices":[],"_links":{"self":[{"href":"https:\/\/fromistaturismo.com\/index.php\/wp-json\/wp\/v2\/pages\/126"}],"collection":[{"href":"https:\/\/fromistaturismo.com\/index.php\/wp-json\/wp\/v2\/pages"}],"about":[{"href":"https:\/\/fromistaturismo.com\/index.php\/wp-json\/wp\/v2\/types\/page"}],"author":[{"embeddable":true,"href":"https:\/\/fromistaturismo.com\/index.php\/wp-json\/wp\/v2\/users\/1"}],"replies":[{"embeddable":true,"href":"https:\/\/fromistaturismo.com\/index.php\/wp-json\/wp\/v2\/comments?post=126"}],"version-history":[{"count":43,"href":"https:\/\/fromistaturismo.com\/index.php\/wp-json\/wp\/v2\/pages\/126\/revisions"}],"predecessor-version":[{"id":972,"href":"https:\/\/fromistaturismo.com\/index.php\/wp-json\/wp\/v2\/pages\/126\/revisions\/972"}],"wp:attachment":[{"href":"https:\/\/fromistaturismo.com\/index.php\/wp-json\/wp\/v2\/media?parent=126"}],"wp:term":[{"taxonomy":"folder","embeddable":true,"href":"https:\/\/fromistaturismo.com\/index.php\/wp-json\/wp\/v2\/folder?post=126"}],"curies":[{"name":"wp","href":"https:\/\/api.w.org\/{rel}","templated":true}]}}