{"id":351,"date":"2022-06-08T10:04:15","date_gmt":"2022-06-08T10:04:15","guid":{"rendered":"https:\/\/fromista.com\/turismofromista\/?page_id=351"},"modified":"2022-07-10T10:00:40","modified_gmt":"2022-07-10T10:00:40","slug":"foklore-y-gastronomia","status":"publish","type":"page","link":"https:\/\/fromistaturismo.com\/index.php\/foklore-y-gastronomia\/","title":{"rendered":"Folklore y Gastronom\u00eda"},"content":{"rendered":"<h1>Folklore y gastronom\u00eda<\/h1>\n<div>\n<p>        <img decoding=\"async\" src=\"\/wp-content\/uploads\/2022\/06\/IMG_8345-Copy-_sb.jpg\" alt=\"\"><\/p>\n<h3>FOLKLORE<\/h3>\n<div>\n<p>Dentro de la cultura se puede hablar de las Fiestas de San Telmo y La Virgen del Otero en Fr\u00f3mista, consideradas en el \u00e1mbito de la sabidur\u00eda popular. Teniendo su mayor exponente en las celebraciones y fiestas populares. La mayor muestra del folklore son los Danzantes de Paloteo. El grupo esta formado por ocho danzantes y dos chiborras, estos \u00faltimos visten un mono estampado con flores de vivos colores, dirigiendo a los componentes del baile. A las danzas que ejecutan se les denomina lazos, suelen ir acompa\u00f1ando al Santo en las fiestas Patronales (San Telmo), a una persona determinada o a una procesi\u00f3n religiosa (Romer\u00eda de la Virgen del Otero).<\/p>\n<p>Las danzas son de dos tipos:<\/p>\n<ul>\n<li><strong>El pasacalles<\/strong>: bailan en dos filas, sin entremezclarse y con los chiborras en medio.\u00a0<\/li>\n<li><strong>Los lazos<\/strong>: Comprende varios movimientos: encuentro, avance, cruce, retroceso, serpenteo, colocaci\u00f3n en los extremos, &#8220;la figura de los ocho&#8221; y vuelta a empezar<\/li>\n<\/ul>\n<\/div>\n<\/div>\n<div>\n<p>        <img decoding=\"async\" src=\"\/wp-content\/uploads\/2022\/06\/Lechazo-asado.jpg\" alt=\"\"><\/p>\n<h3>GASTRONOM\u00cdA<\/h3>\n<div>\n<p>Semejante a la que se puede encontrar en cualquier lugar de la provincia de Palencia, y sin embargo, hay algunos productos que merecen menci\u00f3n aparte, haciendo referencia a la carne, dos productos estrella, el lechazo asado al horno de le\u00f1a y los pichones que combinados con un buen vino de la zona, hace que merezca la pena degustar estos manjares. El queso puro de oveja y curaci\u00f3n a\u00f1eja es uno de los productos t\u00edpicos.<\/p>\n<p>En la reposter\u00eda, pueden destacarse las rosquillas de palo, los blanquillos o sequillos, y las magdalenas, una delicia gastron\u00f3mica para llevarse de recuerdo.<\/p>\n<\/div>\n<\/div>\n<p><!--more--><br \/>\n<!-- {\"type\":\"layout\",\"children\":[{\"type\":\"section\",\"props\":{\"style\":\"default\",\"width\":\"default\",\"vertical_align\":\"middle\",\"title_position\":\"top-left\",\"title_rotation\":\"left\",\"title_breakpoint\":\"xl\",\"image_position\":\"center-center\",\"image\":\"wp-content\\\/uploads\\\/2022\\\/06\\\/folklore.png\",\"title\":\"\",\"image_size\":\"width-1-1\",\"image_effect\":\"parallax\",\"media_overlay\":\"rgba(138, 142, 255, 0.55)\"},\"children\":[{\"type\":\"row\",\"children\":[{\"type\":\"column\",\"props\":{\"image_position\":\"center-center\",\"media_overlay_gradient\":\"\"},\"children\":[{\"type\":\"headline\",\"props\":{\"title_element\":\"h1\",\"content\":\"Folklore y gastronom\\u00eda\",\"title_style\":\"h3\"}}]}]}],\"modified\":\"2022-04-19T19:27:59.650Z\",\"name\":\"cabecera\"},{\"type\":\"section\",\"props\":{\"style\":\"default\",\"width\":\"default\",\"vertical_align\":\"middle\",\"title_position\":\"top-left\",\"title_rotation\":\"left\",\"title_breakpoint\":\"xl\",\"image_position\":\"center-center\"},\"children\":[{\"type\":\"row\",\"children\":[{\"type\":\"column\",\"props\":{\"image_position\":\"center-center\",\"media_overlay_gradient\":\"\"},\"children\":[{\"type\":\"panel\",\"props\":{\"link_text\":\"Read more\",\"title_hover_style\":\"reset\",\"title_element\":\"h3\",\"title_align\":\"top\",\"title_grid_width\":\"1-2\",\"title_grid_breakpoint\":\"m\",\"meta_style\":\"meta\",\"meta_align\":\"below-title\",\"meta_element\":\"div\",\"content_column_breakpoint\":\"m\",\"icon_width\":80,\"image_align\":\"top\",\"image_grid_width\":\"1-2\",\"image_grid_breakpoint\":\"m\",\"image_svg_color\":\"emphasis\",\"link_style\":\"default\",\"margin\":\"default\",\"title\":\"FOLKLORE\",\"content\":\"\n\n<p>Dentro de la cultura se puede hablar de las Fiestas de San Telmo y La Virgen del Otero en Fr\\u00f3mista, consideradas en el \\u00e1mbito de la sabidur\\u00eda popular. Teniendo su mayor exponente en las celebraciones y fiestas populares. La mayor muestra del folklore son los Danzantes de Paloteo. El grupo esta formado por ocho danzantes y dos chiborras, estos \\u00faltimos visten un mono estampado con flores de vivos colores, dirigiendo a los componentes del baile. A las danzas que ejecutan se les denomina lazos, suelen ir acompa\\u00f1ando al Santo en las fiestas Patronales (San Telmo), a una persona determinada o a una procesi\\u00f3n religiosa (Romer\\u00eda de la Virgen del Otero).<\\\/p>\\n\n\n<p>Las danzas son de dos tipos:<\\\/p>\\n\n\n<ul>\\n\n\n<li><strong>El pasacalles<\\\/strong>: bailan en dos filas, sin entremezclarse y con los chiborras en medio.\\u00a0<\\\/li>\\n\n\n<li><strong>Los lazos<\\\/strong>: Comprende varios movimientos: encuentro, avance, cruce, retroceso, serpenteo, colocaci\\u00f3n en los extremos, \\\"la figura de los ocho\\\" y vuelta a empezar<\\\/li>\\n<\\\/ul>\",\"image\":\"wp-content\\\/uploads\\\/2022\\\/06\\\/IMG_8345-Copy-_sb.jpg\",\"image_width\":\"600\",\"image_height\":\"400\"}}]}]}]},{\"type\":\"section\",\"props\":{\"style\":\"default\",\"width\":\"default\",\"vertical_align\":\"middle\",\"title_position\":\"top-left\",\"title_rotation\":\"left\",\"title_breakpoint\":\"xl\",\"image_position\":\"center-center\"},\"children\":[{\"type\":\"row\",\"children\":[{\"type\":\"column\",\"props\":{\"image_position\":\"center-center\",\"media_overlay_gradient\":\"\"},\"children\":[{\"type\":\"panel\",\"props\":{\"link_text\":\"Read more\",\"title_hover_style\":\"reset\",\"title_element\":\"h3\",\"title_align\":\"top\",\"title_grid_width\":\"1-2\",\"title_grid_breakpoint\":\"m\",\"meta_style\":\"meta\",\"meta_align\":\"below-title\",\"meta_element\":\"div\",\"content_column_breakpoint\":\"m\",\"icon_width\":80,\"image_align\":\"top\",\"image_grid_width\":\"1-2\",\"image_grid_breakpoint\":\"m\",\"image_svg_color\":\"emphasis\",\"link_style\":\"default\",\"margin\":\"default\",\"title\":\"GASTRONOM\\u00cdA\",\"content\":\"\n\n<p>Semejante a la que se puede encontrar en cualquier lugar de la provincia de Palencia, y sin embargo, hay algunos productos que merecen menci\\u00f3n aparte, haciendo referencia a la carne, dos productos estrella, el lechazo asado al horno de le\\u00f1a y los pichones que combinados con un buen vino de la zona, hace que merezca la pena degustar estos manjares. El queso puro de oveja y curaci\\u00f3n a\\u00f1eja es uno de los productos t\\u00edpicos.<\\\/p>\\n\n\n<p>En la reposter\\u00eda, pueden destacarse las rosquillas de palo, los blanquillos o sequillos, y las magdalenas, una delicia gastron\\u00f3mica para llevarse de recuerdo.<\\\/p>\",\"image\":\"wp-content\\\/uploads\\\/2022\\\/06\\\/Lechazo-asado.jpg\",\"image_width\":\"400\"}}]}]}]}],\"version\":\"2.6.2\"} --><\/p>\n","protected":false},"excerpt":{"rendered":"<p>Folklore y gastronom\u00eda FOLKLORE Dentro de la cultura se puede hablar de las Fiestas de San Telmo y La Virgen del Otero en Fr\u00f3mista, consideradas en el \u00e1mbito de la sabidur\u00eda popular. Teniendo su mayor exponente en las celebraciones y fiestas populares. La mayor muestra del folklore son los Danzantes de Paloteo. El grupo esta [&hellip;]<\/p>\n","protected":false},"author":1,"featured_media":0,"parent":0,"menu_order":0,"comment_status":"closed","ping_status":"closed","template":"","meta":{"om_disable_all_campaigns":false,"_monsterinsights_skip_tracking":false,"_monsterinsights_sitenote_active":false,"_monsterinsights_sitenote_note":"","_monsterinsights_sitenote_category":0},"folder":[],"aioseo_notices":[],"_links":{"self":[{"href":"https:\/\/fromistaturismo.com\/index.php\/wp-json\/wp\/v2\/pages\/351"}],"collection":[{"href":"https:\/\/fromistaturismo.com\/index.php\/wp-json\/wp\/v2\/pages"}],"about":[{"href":"https:\/\/fromistaturismo.com\/index.php\/wp-json\/wp\/v2\/types\/page"}],"author":[{"embeddable":true,"href":"https:\/\/fromistaturismo.com\/index.php\/wp-json\/wp\/v2\/users\/1"}],"replies":[{"embeddable":true,"href":"https:\/\/fromistaturismo.com\/index.php\/wp-json\/wp\/v2\/comments?post=351"}],"version-history":[{"count":7,"href":"https:\/\/fromistaturismo.com\/index.php\/wp-json\/wp\/v2\/pages\/351\/revisions"}],"predecessor-version":[{"id":625,"href":"https:\/\/fromistaturismo.com\/index.php\/wp-json\/wp\/v2\/pages\/351\/revisions\/625"}],"wp:attachment":[{"href":"https:\/\/fromistaturismo.com\/index.php\/wp-json\/wp\/v2\/media?parent=351"}],"wp:term":[{"taxonomy":"folder","embeddable":true,"href":"https:\/\/fromistaturismo.com\/index.php\/wp-json\/wp\/v2\/folder?post=351"}],"curies":[{"name":"wp","href":"https:\/\/api.w.org\/{rel}","templated":true}]}}